undreds digit of y?
3
Suppose 288 = j + v - 537, -4*j - 5*v + 3299 = 0. What is the tens digit of j?
2
Let d(w) = -4*w + 2. Let c be d(2). Let u be 0 - -3 - (0 + c). What is the units digit of (-375)/(-9) - (-3)/u?
2
Let k = -40 - -48. What is the units digit of (-2)/(-1)*148/k?
7
Let b = -324 - -1202. What is the units digit of b?
8
Let z = -13 + 14. Let w be z/(-9) - 370/(-90). What is the tens digit of (w - (4 + 11))/(-1)?
1
Let o = -44 + 43. Let l(y) = y**3 - 4*y**2 - 5*y + 3. Let q be l(5). What is the units digit of o/(q/99)*-1?
3
Let o be (6/4)/((-30)/(-80)). Suppose -o*b + 20 = 0, 5*q - 2*b + 4 = 6*q. What is the units digit of (-88)/((-3)/((-9)/q))?
4
Suppose -j + 5*n + 15 = -2, -25 = -5*j - 5*n. Let a = 12 - 6. Suppose a = r - j. What is the tens digit of r?
1
Let o(s) = -262*s**3 - 2*s**2 + 3*s + 3. Let g be o(-2). What is the tens digit of g/(-10)*(-4)/6?
3
Let i be (-3)/(-9 + 0)*9. Suppose 4*o + 0*h = 3*h + 209, 5*h + 143 = i*o. What is the tens digit of o?
5
Let h be -4 + 12/(-4) - 2. Let p be h + 142 + -2 + 5. Suppose p = 4*z + 4*y - 52, -5*z + 4*y = -199. What is the units digit of z?
3
Suppose -3465 = 5*n - 675. Let h = -293 - n. What is the units digit of h?
5
Suppose 0 = -14*n + 13*n + 396. What is the units digit of n?
6
Let n be (444/(-16))/(9/24). Let o = 119 + n. What is the units digit of o?
5
What is the tens digit of 14505/(-6)*(-56)/70?
3
Let v be (-2661)/(-12) - (14/8 + -2). Suppose -21 + v = 3*z. What is the tens digit of z?
6
Let q = 30 + -16. Suppose -q*o + 544 = -10*o. What is the units digit of o?
6
Let a(t) = t**3 - 8*t**2 + 3*t + 5. Let n be 0 - ((-8)/(-3))/(3/(-9)). What is the tens digit of a(n)?
2
Suppose 47 + 241 = 4*w. Suppose -w - 65 = -b. What is the units digit of b?
7
Let a(n) = -4*n**2 + 3*n - 7. Let k(y) = -7*y**2 + 6*y - 13. Let p(j) = -5*a(j) + 3*k(j). Let t be p(4). What is the tens digit of t/3*63/(-4)?
4
Let s = -15 - -18. What is the units digit of 18/4 + s/6?
5
Let p be (32/(-24))/(4/(-6)). Suppose 0 = -4*r + p*v - 2442, r + 6*v + 627 = v. What is the tens digit of 18/99 - r/22?
2
Let o = -19 - -17. Let d be (-140)/(-5)*(-1)/o. What is the tens digit of 21/d - (-29)/2?
1
Let r(c) = 7*c**2 + 16*c + 11. What is the units digit of r(-10)?
1
Suppose 4*n = -x + 335, -2*x + 985 = x + 2*n. What is the hundreds digit of x?
3
Let j = -195 - -1366. What is the tens digit of j?
7
Suppose -495 = -4*w - 5*p + 44, 146 = w + 5*p. Let y = w - 109. What is the units digit of y?
2
Let w = 85 - 60. Let n = -10 + w. What is the units digit of n?
5
Suppose -8 = -4*z + 4*r, 0 = -5*z + 2*r - 0 - 5. Suppose 5*o - 31 = 9. Let i = z + o. What is the units digit of i?
5
Let n be (-9)/(-3)*20/(-15). Let y = -4 - n. Suppose -5*h + 23 + 182 = y. What is the units digit of h?
1
Let k(x) = -x**2 + 1 - 30*x + 18*x + 17*x. Let y be k(4). Suppose 0 = -0*i + 4*i - r - 240, 5*i - 300 = -y*r. What is the units digit of i?
0
Suppose -42 = -2*c - 3*a, 2*c - c = -2*a + 22. Suppose 4*d - c - 121 = -z, 4*z + d - 586 = 0. What is the units digit of z?
7
Suppose 6076 + 13836 = 8*t. What is the hundreds digit of t?
4
Suppose -3*h = q - 5274, 0 = -h - 6*q + 3*q + 1758. What is the units digit of h?
8
Let c = 15 - 15. Let i be (-4)/(-1)*(c - -6). Let y = 49 - i. What is the tens digit of y?
2
Let q(f) = f - 17*f - 26*f - 2. Suppose -4*s + 2*x - 6 = 4, -5*x = s - 14. What is the tens digit of q(s)?
4
Let j(v) = -78*v**3 + 2*v**2 + 7*v + 9. What is the hundreds digit of j(-2)?
6
Let g be (-532)/42*(-6)/(-4). Let h = -13 - g. What is the units digit of h?
6
Let c(a) = 34*a**2 - 3*a - 1. Suppose -5*t - g = 0, 0*t + 12 = -2*t + 2*g. What is the tens digit of c(t)?
3
Suppose 1 = 9*b + 10. What is the units digit of (-1*2)/(b/29)?
8
Let f(s) = 2913*s**2 - 39*s - 37. What is the units digit of f(-1)?
5
Let s(l) = -2 + 27*l - 18*l - 55*l - 97*l. What is the hundreds digit of s(-1)?
1
Suppose -5*o = 5, -2*b + 4*b = -5*o + 79. What is the tens digit of b?
4
Let q(t) = -6*t**2 + 11*t - 8. Let i be q(4). Let h be i/(-28) + (-1)/7. Suppose 37 = r - 3*j, -5*j = -h*r - r + 107. What is the units digit of r?
4
Let d = 1494 + -573. Suppose 202*s = 199*s + d. What is the hundreds digit of s?
3
Suppose 0 = 34*m - 32*m - 26. Let v(s) = -s**3 + 16*s**2 - 18*s - 19. What is the tens digit of v(m)?
5
Let s(t) = -t**3 + 8*t**2 - 8*t + 5. Let j be s(7). Let o(x) = -38*x + 1. What is the units digit of o(j)?
7
Let x(t) = 22*t - 37. What is the hundreds digit of x(26)?
5
Let g = 2 - 163. Let z = -96 - g. What is the units digit of z?
5
Suppose 0 = -0*n + 4*n - 8, 3*m = -n + 11. Suppose m*q + 24 = 6*q. What is the units digit of q?
8
Suppose -9*w = -3007 - 179. What is the tens digit of w?
5
Let r(b) = 4*b + 1. Let t be (2 + -1)*-1 + 7. Let w be r(t). What is the tens digit of (63/(-15))/((-5)/w)?
2
Let h(c) = 726*c - 6. Let b be h(2). Suppose -i + b = 5*i. What is the units digit of i?
1
Suppose -76 = -3*a - 22. Suppose 2*p - 4 = 0, -2*c + a = 3*p - 0*p. What is the tens digit of 332/c - (-6)/(-18)?
5
Suppose 6*f - 571 = 5*f. What is the hundreds digit of f?
5
Suppose 7*p = 4*p + 6. Let w(r) = r**2 + r - 4. Let o be w(p). What is the units digit of (3/o)/((-3)/(-44))?
2
Let y(a) = -a**2 + 21*a - 21. Suppose 7*r - 11*r - 52 = 0. Let q(m) = -m**2 - 16*m - 21. Let x be q(r). What is the units digit of y(x)?
3
Let i(r) = 8*r - 1. Suppose -4*t = 4*t - 40. What is the tens digit of i(t)?
3
Suppose 7*s - 9*s + 651 = -5*r, 0 = -3*r + 3. What is the units digit of s?
8
Suppose 0*q = -2*q + 164. Let c be 3/6 + q/4. Suppose -c*d + 30 = -19*d. What is the tens digit of d?
1
Let m(s) be the first derivative of s**5/30 + 7*s**4/24 - s**3/3 + 3*s**2/2 + 1. Let v(o) be the second derivative of m(o). What is the units digit of v(-4)?
2
Let n be (-1 - 6)*(-238)/(-49)*-3. Let q = 198 - n. What is the tens digit of q?
9
Let s = -65 - -640. Suppose 2*d + 5*u = s, -852 = -3*d + 4*u - u. What is the units digit of d?
5
Let v = 231 - 61. What is the tens digit of v?
7
Suppose 0 = -5*f - 25, 3*t - 61 = 5*f + 18. What is the units digit of (4 + t)*11/2?
1
Let w(b) be the second derivative of -b**3/3 - 11*b**2/2 - b. Let r(x) = -x. Let y(l) = 2*r(l) + w(l). What is the tens digit of y(-9)?
2
Suppose -4*u + 0*a + 4*a - 16 = 0, 3*u + 4*a = 2. Let y = 7 + u. What is the units digit of y?
5
Let o be (-2084)/(-10)*(-30)/(-12). Suppose 2*g - n = o, -346 - 699 = -4*g + 3*n. What is the units digit of g?
9
Let b(x) = -37*x - 11. Let u(p) = -p**3 + 11*p**2 + p - 15. Let o be u(11). What is the hundreds digit of b(o)?
1
Let g = -16 + 16. Suppose -5*t - 5*j - 62 + 322 = g, 5*j = -t + 40. What is the units digit of t?
5
Suppose 53*n = 54*n - 1840. What is the tens digit of n?
4
Let s be (-3 + 1 - -1)/(2/(-6)). Suppose 0 = 3*u - 9, u + s = 2*g - 290. What is the tens digit of g?
4
Let o(c) be the first derivative of -3*c**5/20 + c**4/4 + c**3/2 + 4*c + 3. Let q(w) be the first derivative of o(w). What is the units digit of q(-2)?
0
Let k = 712 - 424. Let b = k + -171. What is the hundreds digit of b?
1
Let c(k) = -2*k**2 - 7*k - 4. Let b be c(-3). Let r be (0 - -18)*156/(-18). What is the units digit of (4*b)/(24/r)?
6
Let o(f) = -f**2 - 12*f - 14. Let t be o(-12). Let m(n) = -n**3 - 13*n**2 + 11*n + 11. What is the units digit of m(t)?
3
Let g(z) = 275*z - 5. Let l be g(1). Suppose 2*m - 2*y = l, 11 + 5 = 4*y. What is the hundreds digit of m?
1
Let v be 20/(-5) + 5 + -1. Suppose v*q = -4*q - 16. Let s(p) = p**3 + 5*p**2 - p. What is the tens digit of s(q)?
2
What is the units digit of (-48)/(-3)*5625/60?
0
What is the hundreds digit of (-9 - (-12 - -3)) + 265?
2
Suppose -3*i - 5*o = -973, 3*i - 21*o = -17*o + 955. What is the hundreds digit of i?
3
Let p be (17 - (1 + 2)) + -4. What is the units digit of ((-4)/p)/(4/(-360))?
6
Let y(u) = 11*u**2 + 7*u - 67. What is the hundreds digit of y(7)?
5
What is the hundreds digit of (-2 - (3 + 0))*901/(-5)?
9
Suppose v - 2*k = -3*v + 1736, 3*k + 2172 = 5*v. What is the hundreds digit of v?
4
What is the hundreds digit of 102/12*(64 - 6/3)?
5
Let w be ((-10)/(-2))/(1/(-3)). Suppose 9*k - 7*k + 4 = 0. What is the tens digit of k/(-2) - 540/w?
3
Suppose -4*o + 50 = o. Let k be (-4)/o + (-132)/(-5). What is the tens digit of (0 + 4)/(k/65)?
1
Let d(q) = -3 + 12*